{"id":26592,"date":"2025-07-18T14:03:57","date_gmt":"2025-07-18T14:03:57","guid":{"rendered":"https:\/\/www.pieve-aldina.fontenille-collection.com\/?post_type=arts_portfolio_item&#038;p=26592"},"modified":"2026-04-22T10:51:53","modified_gmt":"2026-04-22T10:51:53","slug":"pieve-aldina-junior-suite","status":"publish","type":"arts_portfolio_item","link":"https:\/\/www.pieve-aldina.fontenille-collection.com\/it\/portafoglio\/pieve-aldina-junior-suite\/","title":{"rendered":"Junior Suite"},"featured_media":27132,"template":"","class_list":["post-26592","arts_portfolio_item","type-arts_portfolio_item","status-publish","has-post-thumbnail","hentry"],"acf":[],"yoast_head":"<!-- This site is optimized with the Yoast SEO plugin v27.5 - https:\/\/yoast.com\/product\/yoast-seo-wordpress\/ -->\n<title>Junior Suite | Pieve Aldina | Toscane, Italie \u2013 Chianti<\/title>\n<meta name=\"description\" content=\"Une chambre baign\u00e9e de lumi\u00e8re, ouverte sur jardins et collines. Un \u00e9crin toscan o\u00f9 le temps ralentit entre vignes, douceur et horizon dor\u00e9.\" \/>\n<meta name=\"robots\" content=\"index, follow, max-snippet:-1, max-image-preview:large, max-video-preview:-1\" \/>\n<link rel=\"canonical\" href=\"https:\/\/www.pieve-aldina.fontenille-collection.com\/it\/portafoglio\/pieve-aldina-junior-suite\/\" \/>\n<meta property=\"og:locale\" content=\"it_IT\" \/>\n<meta property=\"og:type\" content=\"article\" \/>\n<meta property=\"og:title\" content=\"Junior Suite | Pieve Aldina | Toscane, Italie \u2013 Chianti\" \/>\n<meta property=\"og:description\" content=\"Une chambre baign\u00e9e de lumi\u00e8re, ouverte sur jardins et collines. Un \u00e9crin toscan o\u00f9 le temps ralentit entre vignes, douceur et horizon dor\u00e9.\" \/>\n<meta property=\"og:url\" content=\"https:\/\/www.pieve-aldina.fontenille-collection.com\/it\/portafoglio\/pieve-aldina-junior-suite\/\" \/>\n<meta property=\"og:site_name\" content=\"Pieve Aldina | H\u00f4tel, Restaurant, Spa &amp; Jardins en Toscane\" \/>\n<meta property=\"article:modified_time\" content=\"2026-04-22T10:51:53+00:00\" \/>\n<meta property=\"og:image\" content=\"https:\/\/www.pieve-aldina.fontenille-collection.com\/wp-content\/uploads\/2025\/07\/canape-vert-confort-junior-suite-hotel-pieve-aldina-1.jpg\" \/>\n\t<meta property=\"og:image:width\" content=\"1080\" \/>\n\t<meta property=\"og:image:height\" content=\"1080\" \/>\n\t<meta property=\"og:image:type\" content=\"image\/jpeg\" \/>\n<meta name=\"twitter:card\" content=\"summary_large_image\" \/>\n<meta name=\"twitter:label1\" content=\"Tempo di lettura stimato\" \/>\n\t<meta name=\"twitter:data1\" content=\"7 minuti\" \/>\n<script type=\"application\/ld+json\" class=\"yoast-schema-graph\">{\"@context\":\"https:\\\/\\\/schema.org\",\"@graph\":[{\"@type\":\"WebPage\",\"@id\":\"https:\\\/\\\/www.pieve-aldina.fontenille-collection.com\\\/portfolio\\\/pieve-aldina-junior-suite\\\/\",\"url\":\"https:\\\/\\\/www.pieve-aldina.fontenille-collection.com\\\/portfolio\\\/pieve-aldina-junior-suite\\\/\",\"name\":\"Junior Suite | Pieve Aldina | Toscane, Italie \u2013 Chianti\",\"isPartOf\":{\"@id\":\"https:\\\/\\\/www.pieve-aldina.fontenille-collection.com\\\/#website\"},\"primaryImageOfPage\":{\"@id\":\"https:\\\/\\\/www.pieve-aldina.fontenille-collection.com\\\/portfolio\\\/pieve-aldina-junior-suite\\\/#primaryimage\"},\"image\":{\"@id\":\"https:\\\/\\\/www.pieve-aldina.fontenille-collection.com\\\/portfolio\\\/pieve-aldina-junior-suite\\\/#primaryimage\"},\"thumbnailUrl\":\"https:\\\/\\\/www.pieve-aldina.fontenille-collection.com\\\/wp-content\\\/uploads\\\/2025\\\/07\\\/canape-vert-confort-junior-suite-hotel-pieve-aldina-1.jpg\",\"datePublished\":\"2025-07-18T14:03:57+00:00\",\"dateModified\":\"2026-04-22T10:51:53+00:00\",\"description\":\"Une chambre baign\u00e9e de lumi\u00e8re, ouverte sur jardins et collines. Un \u00e9crin toscan o\u00f9 le temps ralentit entre vignes, douceur et horizon dor\u00e9.\",\"breadcrumb\":{\"@id\":\"https:\\\/\\\/www.pieve-aldina.fontenille-collection.com\\\/portfolio\\\/pieve-aldina-junior-suite\\\/#breadcrumb\"},\"inLanguage\":\"it-IT\",\"potentialAction\":[{\"@type\":\"ReadAction\",\"target\":[\"https:\\\/\\\/www.pieve-aldina.fontenille-collection.com\\\/portfolio\\\/pieve-aldina-junior-suite\\\/\"]}]},{\"@type\":\"ImageObject\",\"inLanguage\":\"it-IT\",\"@id\":\"https:\\\/\\\/www.pieve-aldina.fontenille-collection.com\\\/portfolio\\\/pieve-aldina-junior-suite\\\/#primaryimage\",\"url\":\"https:\\\/\\\/www.pieve-aldina.fontenille-collection.com\\\/wp-content\\\/uploads\\\/2025\\\/07\\\/canape-vert-confort-junior-suite-hotel-pieve-aldina-1.jpg\",\"contentUrl\":\"https:\\\/\\\/www.pieve-aldina.fontenille-collection.com\\\/wp-content\\\/uploads\\\/2025\\\/07\\\/canape-vert-confort-junior-suite-hotel-pieve-aldina-1.jpg\",\"width\":1080,\"height\":1080,\"caption\":\"Salon de la junior suite de Pieve Aldina\"},{\"@type\":\"BreadcrumbList\",\"@id\":\"https:\\\/\\\/www.pieve-aldina.fontenille-collection.com\\\/portfolio\\\/pieve-aldina-junior-suite\\\/#breadcrumb\",\"itemListElement\":[{\"@type\":\"ListItem\",\"position\":1,\"name\":\"Accueil\",\"item\":\"https:\\\/\\\/www.pieve-aldina.fontenille-collection.com\\\/\"},{\"@type\":\"ListItem\",\"position\":2,\"name\":\"Junior Suite\"}]},{\"@type\":\"WebSite\",\"@id\":\"https:\\\/\\\/www.pieve-aldina.fontenille-collection.com\\\/#website\",\"url\":\"https:\\\/\\\/www.pieve-aldina.fontenille-collection.com\\\/\",\"name\":\"Pieve Aldina\",\"description\":\"Pieve Aldina, ancienne r\u00e9sidence des \u00e9v\u00eaques de Sienne : h\u00f4tel de charme en Toscane avec restaurant, spa et jardins au c\u0153ur du Chianti.\",\"publisher\":{\"@id\":\"https:\\\/\\\/www.pieve-aldina.fontenille-collection.com\\\/#organization\"},\"potentialAction\":[{\"@type\":\"SearchAction\",\"target\":{\"@type\":\"EntryPoint\",\"urlTemplate\":\"https:\\\/\\\/www.pieve-aldina.fontenille-collection.com\\\/?s={search_term_string}\"},\"query-input\":{\"@type\":\"PropertyValueSpecification\",\"valueRequired\":true,\"valueName\":\"search_term_string\"}}],\"inLanguage\":\"it-IT\"},{\"@type\":\"Organization\",\"@id\":\"https:\\\/\\\/www.pieve-aldina.fontenille-collection.com\\\/#organization\",\"name\":\"Pieve Aldina\",\"url\":\"https:\\\/\\\/www.pieve-aldina.fontenille-collection.com\\\/\",\"logo\":{\"@type\":\"ImageObject\",\"inLanguage\":\"it-IT\",\"@id\":\"https:\\\/\\\/www.pieve-aldina.fontenille-collection.com\\\/#\\\/schema\\\/logo\\\/image\\\/\",\"url\":\"https:\\\/\\\/www.pieve-aldina.fontenille-collection.com\\\/wp-content\\\/uploads\\\/2024\\\/11\\\/Pieve-Aldina-Noir.png\",\"contentUrl\":\"https:\\\/\\\/www.pieve-aldina.fontenille-collection.com\\\/wp-content\\\/uploads\\\/2024\\\/11\\\/Pieve-Aldina-Noir.png\",\"width\":641,\"height\":72,\"caption\":\"Pieve Aldina\"},\"image\":{\"@id\":\"https:\\\/\\\/www.pieve-aldina.fontenille-collection.com\\\/#\\\/schema\\\/logo\\\/image\\\/\"}}]}<\/script>\n<!-- \/ Yoast SEO plugin. -->","yoast_head_json":{"title":"Junior Suite | Pieve Aldina | Toscana, Italia \u2013 Chianti","description":"Una camera inondata di luce, aperta su giardini e colline. Uno scrigno toscano dove il tempo rallenta tra viti, dolcezze e un orizzonte dorato.","robots":{"index":"index","follow":"follow","max-snippet":"max-snippet:-1","max-image-preview":"max-image-preview:large","max-video-preview":"max-video-preview:-1"},"canonical":"https:\/\/www.pieve-aldina.fontenille-collection.com\/it\/portafoglio\/pieve-aldina-junior-suite\/","og_locale":"it_IT","og_type":"article","og_title":"Junior Suite | Pieve Aldina | Toscane, Italie \u2013 Chianti","og_description":"Une chambre baign\u00e9e de lumi\u00e8re, ouverte sur jardins et collines. Un \u00e9crin toscan o\u00f9 le temps ralentit entre vignes, douceur et horizon dor\u00e9.","og_url":"https:\/\/www.pieve-aldina.fontenille-collection.com\/it\/portafoglio\/pieve-aldina-junior-suite\/","og_site_name":"Pieve Aldina | H\u00f4tel, Restaurant, Spa &amp; Jardins en Toscane","article_modified_time":"2026-04-22T10:51:53+00:00","og_image":[{"width":1080,"height":1080,"url":"https:\/\/www.pieve-aldina.fontenille-collection.com\/wp-content\/uploads\/2025\/07\/canape-vert-confort-junior-suite-hotel-pieve-aldina-1.jpg","type":"image\/jpeg"}],"twitter_card":"summary_large_image","twitter_misc":{"Tempo di lettura stimato":"7 minuti"},"schema":{"@context":"https:\/\/schema.org","@graph":[{"@type":"WebPage","@id":"https:\/\/www.pieve-aldina.fontenille-collection.com\/portfolio\/pieve-aldina-junior-suite\/","url":"https:\/\/www.pieve-aldina.fontenille-collection.com\/portfolio\/pieve-aldina-junior-suite\/","name":"Junior Suite | Pieve Aldina | Toscana, Italia \u2013 Chianti","isPartOf":{"@id":"https:\/\/www.pieve-aldina.fontenille-collection.com\/#website"},"primaryImageOfPage":{"@id":"https:\/\/www.pieve-aldina.fontenille-collection.com\/portfolio\/pieve-aldina-junior-suite\/#primaryimage"},"image":{"@id":"https:\/\/www.pieve-aldina.fontenille-collection.com\/portfolio\/pieve-aldina-junior-suite\/#primaryimage"},"thumbnailUrl":"https:\/\/www.pieve-aldina.fontenille-collection.com\/wp-content\/uploads\/2025\/07\/canape-vert-confort-junior-suite-hotel-pieve-aldina-1.jpg","datePublished":"2025-07-18T14:03:57+00:00","dateModified":"2026-04-22T10:51:53+00:00","description":"Una camera inondata di luce, aperta su giardini e colline. Uno scrigno toscano dove il tempo rallenta tra viti, dolcezze e un orizzonte dorato.","breadcrumb":{"@id":"https:\/\/www.pieve-aldina.fontenille-collection.com\/portfolio\/pieve-aldina-junior-suite\/#breadcrumb"},"inLanguage":"it-IT","potentialAction":[{"@type":"ReadAction","target":["https:\/\/www.pieve-aldina.fontenille-collection.com\/portfolio\/pieve-aldina-junior-suite\/"]}]},{"@type":"ImageObject","inLanguage":"it-IT","@id":"https:\/\/www.pieve-aldina.fontenille-collection.com\/portfolio\/pieve-aldina-junior-suite\/#primaryimage","url":"https:\/\/www.pieve-aldina.fontenille-collection.com\/wp-content\/uploads\/2025\/07\/canape-vert-confort-junior-suite-hotel-pieve-aldina-1.jpg","contentUrl":"https:\/\/www.pieve-aldina.fontenille-collection.com\/wp-content\/uploads\/2025\/07\/canape-vert-confort-junior-suite-hotel-pieve-aldina-1.jpg","width":1080,"height":1080,"caption":"Salon de la junior suite de Pieve Aldina"},{"@type":"BreadcrumbList","@id":"https:\/\/www.pieve-aldina.fontenille-collection.com\/portfolio\/pieve-aldina-junior-suite\/#breadcrumb","itemListElement":[{"@type":"ListItem","position":1,"name":"Accueil","item":"https:\/\/www.pieve-aldina.fontenille-collection.com\/"},{"@type":"ListItem","position":2,"name":"Junior Suite"}]},{"@type":"WebSite","@id":"https:\/\/www.pieve-aldina.fontenille-collection.com\/#website","url":"https:\/\/www.pieve-aldina.fontenille-collection.com\/","name":"Pieve Aldina","description":"Pieve Aldina, antica residenza dei vescovi di Siena: hotel di charme in Toscana con ristorante, spa e giardini nel cuore del Chianti.","publisher":{"@id":"https:\/\/www.pieve-aldina.fontenille-collection.com\/#organization"},"potentialAction":[{"@type":"SearchAction","target":{"@type":"EntryPoint","urlTemplate":"https:\/\/www.pieve-aldina.fontenille-collection.com\/?s={search_term_string}"},"query-input":{"@type":"PropertyValueSpecification","valueRequired":true,"valueName":"search_term_string"}}],"inLanguage":"it-IT"},{"@type":"Organization","@id":"https:\/\/www.pieve-aldina.fontenille-collection.com\/#organization","name":"Pieve Aldina","url":"https:\/\/www.pieve-aldina.fontenille-collection.com\/","logo":{"@type":"ImageObject","inLanguage":"it-IT","@id":"https:\/\/www.pieve-aldina.fontenille-collection.com\/#\/schema\/logo\/image\/","url":"https:\/\/www.pieve-aldina.fontenille-collection.com\/wp-content\/uploads\/2024\/11\/Pieve-Aldina-Noir.png","contentUrl":"https:\/\/www.pieve-aldina.fontenille-collection.com\/wp-content\/uploads\/2024\/11\/Pieve-Aldina-Noir.png","width":641,"height":72,"caption":"Pieve Aldina"},"image":{"@id":"https:\/\/www.pieve-aldina.fontenille-collection.com\/#\/schema\/logo\/image\/"}}]}},"_links":{"self":[{"href":"https:\/\/www.pieve-aldina.fontenille-collection.com\/it\/wp-json\/wp\/v2\/arts_portfolio_item\/26592","targetHints":{"allow":["GET"]}}],"collection":[{"href":"https:\/\/www.pieve-aldina.fontenille-collection.com\/it\/wp-json\/wp\/v2\/arts_portfolio_item"}],"about":[{"href":"https:\/\/www.pieve-aldina.fontenille-collection.com\/it\/wp-json\/wp\/v2\/types\/arts_portfolio_item"}],"version-history":[{"count":40,"href":"https:\/\/www.pieve-aldina.fontenille-collection.com\/it\/wp-json\/wp\/v2\/arts_portfolio_item\/26592\/revisions"}],"predecessor-version":[{"id":29908,"href":"https:\/\/www.pieve-aldina.fontenille-collection.com\/it\/wp-json\/wp\/v2\/arts_portfolio_item\/26592\/revisions\/29908"}],"wp:featuredmedia":[{"embeddable":true,"href":"https:\/\/www.pieve-aldina.fontenille-collection.com\/it\/wp-json\/wp\/v2\/media\/27132"}],"wp:attachment":[{"href":"https:\/\/www.pieve-aldina.fontenille-collection.com\/it\/wp-json\/wp\/v2\/media?parent=26592"}],"curies":[{"name":"wp","href":"https:\/\/api.w.org\/{rel}","templated":true}]}}

<!-- This site is optimized with the Yoast SEO plugin v27.5 - https://yoast.com/product/yoast-seo-wordpress/ -->
<title>Junior Suite | Pieve Aldina | Toscane, Italie – Chianti</title>
<meta name="description" content="Une chambre baignée de lumière, ouverte sur jardins et collines. Un écrin toscan où le temps ralentit entre vignes, douceur et horizon doré." />
<meta name="robots" content="index, follow, max-snippet:-1, max-image-preview:large, max-video-preview:-1" />
<link rel="canonical" href="https://www.pieve-aldina.fontenille-collection.com/it/portafoglio/pieve-aldina-junior-suite/" />
<meta property="og:locale" content="it_IT" />
<meta property="og:type" content="article" />
<meta property="og:title" content="Junior Suite | Pieve Aldina | Toscane, Italie – Chianti" />
<meta property="og:description" content="Une chambre baignée de lumière, ouverte sur jardins et collines. Un écrin toscan où le temps ralentit entre vignes, douceur et horizon doré." />
<meta property="og:url" content="https://www.pieve-aldina.fontenille-collection.com/it/portafoglio/pieve-aldina-junior-suite/" />
<meta property="og:site_name" content="Pieve Aldina | Hôtel, Restaurant, Spa &amp; Jardins en Toscane" />
<meta property="article:modified_time" content="2026-04-22T10:51:53+00:00" />
<meta property="og:image" content="https://www.pieve-aldina.fontenille-collection.com/wp-content/uploads/2025/07/canape-vert-confort-junior-suite-hotel-pieve-aldina-1.jpg" />
	<meta property="og:image:width" content="1080" />
	<meta property="og:image:height" content="1080" />
	<meta property="og:image:type" content="image/jpeg" />
<meta name="twitter:card" content="summary_large_image" />
<meta name="twitter:label1" content="Tempo di lettura stimato" />
	<meta name="twitter:data1" content="7 minuti" />
<script type="application/ld+json" class="yoast-schema-graph">{"@context":"https:\/\/schema.org","@graph":[{"@type":"WebPage","@id":"https:\/\/www.pieve-aldina.fontenille-collection.com\/portfolio\/pieve-aldina-junior-suite\/","url":"https:\/\/www.pieve-aldina.fontenille-collection.com\/portfolio\/pieve-aldina-junior-suite\/","name":"Junior Suite | Pieve Aldina | Toscane, Italie – Chianti","isPartOf":{"@id":"https:\/\/www.pieve-aldina.fontenille-collection.com\/#website"},"primaryImageOfPage":{"@id":"https:\/\/www.pieve-aldina.fontenille-collection.com\/portfolio\/pieve-aldina-junior-suite\/#primaryimage"},"image":{"@id":"https:\/\/www.pieve-aldina.fontenille-collection.com\/portfolio\/pieve-aldina-junior-suite\/#primaryimage"},"thumbnailUrl":"https:\/\/www.pieve-aldina.fontenille-collection.com\/wp-content\/uploads\/2025\/07\/canape-vert-confort-junior-suite-hotel-pieve-aldina-1.jpg","datePublished":"2025-07-18T14:03:57+00:00","dateModified":"2026-04-22T10:51:53+00:00","description":"Une chambre baignée de lumière, ouverte sur jardins et collines. Un écrin toscan où le temps ralentit entre vignes, douceur et horizon doré.","breadcrumb":{"@id":"https:\/\/www.pieve-aldina.fontenille-collection.com\/portfolio\/pieve-aldina-junior-suite\/#breadcrumb"},"inLanguage":"it-IT","potentialAction":[{"@type":"ReadAction","target":["https:\/\/www.pieve-aldina.fontenille-collection.com\/portfolio\/pieve-aldina-junior-suite\/"]}]},{"@type":"ImageObject","inLanguage":"it-IT","@id":"https:\/\/www.pieve-aldina.fontenille-collection.com\/portfolio\/pieve-aldina-junior-suite\/#primaryimage","url":"https:\/\/www.pieve-aldina.fontenille-collection.com\/wp-content\/uploads\/2025\/07\/canape-vert-confort-junior-suite-hotel-pieve-aldina-1.jpg","contentUrl":"https:\/\/www.pieve-aldina.fontenille-collection.com\/wp-content\/uploads\/2025\/07\/canape-vert-confort-junior-suite-hotel-pieve-aldina-1.jpg","width":1080,"height":1080,"caption":"Salon de la junior suite de Pieve Aldina"},{"@type":"BreadcrumbList","@id":"https:\/\/www.pieve-aldina.fontenille-collection.com\/portfolio\/pieve-aldina-junior-suite\/#breadcrumb","itemListElement":[{"@type":"ListItem","position":1,"name":"Accueil","item":"https:\/\/www.pieve-aldina.fontenille-collection.com\/"},{"@type":"ListItem","position":2,"name":"Junior Suite"}]},{"@type":"WebSite","@id":"https:\/\/www.pieve-aldina.fontenille-collection.com\/#website","url":"https:\/\/www.pieve-aldina.fontenille-collection.com\/","name":"Pieve Aldina","description":"Pieve Aldina, ancienne résidence des évêques de Sienne : hôtel de charme en Toscane avec restaurant, spa et jardins au cœur du Chianti.","publisher":{"@id":"https:\/\/www.pieve-aldina.fontenille-collection.com\/#organization"},"potentialAction":[{"@type":"SearchAction","target":{"@type":"EntryPoint","urlTemplate":"https:\/\/www.pieve-aldina.fontenille-collection.com\/?s={search_term_string}"},"query-input":{"@type":"PropertyValueSpecification","valueRequired":true,"valueName":"search_term_string"}}],"inLanguage":"it-IT"},{"@type":"Organization","@id":"https:\/\/www.pieve-aldina.fontenille-collection.com\/#organization","name":"Pieve Aldina","url":"https:\/\/www.pieve-aldina.fontenille-collection.com\/","logo":{"@type":"ImageObject","inLanguage":"it-IT","@id":"https:\/\/www.pieve-aldina.fontenille-collection.com\/#\/schema\/logo\/image\/","url":"https:\/\/www.pieve-aldina.fontenille-collection.com\/wp-content\/uploads\/2024\/11\/Pieve-Aldina-Noir.png","contentUrl":"https:\/\/www.pieve-aldina.fontenille-collection.com\/wp-content\/uploads\/2024\/11\/Pieve-Aldina-Noir.png","width":641,"height":72,"caption":"Pieve Aldina"},"image":{"@id":"https:\/\/www.pieve-aldina.fontenille-collection.com\/#\/schema\/logo\/image\/"}}]}</script>
<!-- / Yoast SEO plugin. -->

Une chambre baignée de lumière, ouverte sur jardins et collines. Un écrin toscan où le temps ralentit entre vignes, douceur et horizon doré.

Pieve Aldina | Hôtel, Restaurant, Spa &amp; Jardins en Toscane
