{"id":26596,"date":"2025-07-18T14:24:39","date_gmt":"2025-07-18T14:24:39","guid":{"rendered":"https:\/\/www.pieve-aldina.fontenille-collection.com\/?post_type=arts_portfolio_item&#038;p=26596"},"modified":"2026-04-22T10:50:58","modified_gmt":"2026-04-22T10:50:58","slug":"camera-deluxe-pieve-aldina","status":"publish","type":"arts_portfolio_item","link":"https:\/\/www.pieve-aldina.fontenille-collection.com\/it\/portafoglio\/camera-deluxe-pieve-aldina\/","title":{"rendered":"Deluxe"},"featured_media":27165,"template":"","class_list":["post-26596","arts_portfolio_item","type-arts_portfolio_item","status-publish","has-post-thumbnail","hentry"],"acf":[],"yoast_head":"<!-- This site is optimized with the Yoast SEO plugin v27.5 - https:\/\/yoast.com\/product\/yoast-seo-wordpress\/ -->\n<title>Deluxe | Pieve Aldina | Toscane Chianti<\/title>\n<meta name=\"description\" content=\"Spacieuse et \u00e9l\u00e9gante, la Deluxe offre une vue sur l\u2019\u00e9glise, la cour ou la vall\u00e9e. Le charme toscan entour\u00e9 de vignes.\" \/>\n<meta name=\"robots\" content=\"index, follow, max-snippet:-1, max-image-preview:large, max-video-preview:-1\" \/>\n<link rel=\"canonical\" href=\"https:\/\/www.pieve-aldina.fontenille-collection.com\/it\/portafoglio\/camera-deluxe-pieve-aldina\/\" \/>\n<meta property=\"og:locale\" content=\"it_IT\" \/>\n<meta property=\"og:type\" content=\"article\" \/>\n<meta property=\"og:title\" content=\"Deluxe | Pieve Aldina | Toscane Chianti\" \/>\n<meta property=\"og:description\" content=\"Spacieuse et \u00e9l\u00e9gante, la Deluxe offre une vue sur l\u2019\u00e9glise, la cour ou la vall\u00e9e. Le charme toscan entour\u00e9 de vignes.\" \/>\n<meta property=\"og:url\" content=\"https:\/\/www.pieve-aldina.fontenille-collection.com\/it\/portafoglio\/camera-deluxe-pieve-aldina\/\" \/>\n<meta property=\"og:site_name\" content=\"Pieve Aldina | H\u00f4tel, Restaurant, Spa &amp; Jardins en Toscane\" \/>\n<meta property=\"article:modified_time\" content=\"2026-04-22T10:50:58+00:00\" \/>\n<meta property=\"og:image\" content=\"https:\/\/www.pieve-aldina.fontenille-collection.com\/wp-content\/uploads\/2025\/07\/terrasse-jardins-nature-chambre-deluxe-hotel-pieve-aldina.jpg\" \/>\n\t<meta property=\"og:image:width\" content=\"1080\" \/>\n\t<meta property=\"og:image:height\" content=\"1080\" \/>\n\t<meta property=\"og:image:type\" content=\"image\/jpeg\" \/>\n<meta name=\"twitter:card\" content=\"summary_large_image\" \/>\n<meta name=\"twitter:label1\" content=\"Tempo di lettura stimato\" \/>\n\t<meta name=\"twitter:data1\" content=\"7 minuti\" \/>\n<script type=\"application\/ld+json\" class=\"yoast-schema-graph\">{\"@context\":\"https:\\\/\\\/schema.org\",\"@graph\":[{\"@type\":\"WebPage\",\"@id\":\"https:\\\/\\\/www.pieve-aldina.fontenille-collection.com\\\/portfolio\\\/pieve-aldina-chambre-deluxe\\\/\",\"url\":\"https:\\\/\\\/www.pieve-aldina.fontenille-collection.com\\\/portfolio\\\/pieve-aldina-chambre-deluxe\\\/\",\"name\":\"Deluxe | Pieve Aldina | Toscane Chianti\",\"isPartOf\":{\"@id\":\"https:\\\/\\\/www.pieve-aldina.fontenille-collection.com\\\/#website\"},\"primaryImageOfPage\":{\"@id\":\"https:\\\/\\\/www.pieve-aldina.fontenille-collection.com\\\/portfolio\\\/pieve-aldina-chambre-deluxe\\\/#primaryimage\"},\"image\":{\"@id\":\"https:\\\/\\\/www.pieve-aldina.fontenille-collection.com\\\/portfolio\\\/pieve-aldina-chambre-deluxe\\\/#primaryimage\"},\"thumbnailUrl\":\"https:\\\/\\\/www.pieve-aldina.fontenille-collection.com\\\/wp-content\\\/uploads\\\/2025\\\/07\\\/terrasse-jardins-nature-chambre-deluxe-hotel-pieve-aldina.jpg\",\"datePublished\":\"2025-07-18T14:24:39+00:00\",\"dateModified\":\"2026-04-22T10:50:58+00:00\",\"description\":\"Spacieuse et \u00e9l\u00e9gante, la Deluxe offre une vue sur l\u2019\u00e9glise, la cour ou la vall\u00e9e. Le charme toscan entour\u00e9 de vignes.\",\"breadcrumb\":{\"@id\":\"https:\\\/\\\/www.pieve-aldina.fontenille-collection.com\\\/portfolio\\\/pieve-aldina-chambre-deluxe\\\/#breadcrumb\"},\"inLanguage\":\"it-IT\",\"potentialAction\":[{\"@type\":\"ReadAction\",\"target\":[\"https:\\\/\\\/www.pieve-aldina.fontenille-collection.com\\\/portfolio\\\/pieve-aldina-chambre-deluxe\\\/\"]}]},{\"@type\":\"ImageObject\",\"inLanguage\":\"it-IT\",\"@id\":\"https:\\\/\\\/www.pieve-aldina.fontenille-collection.com\\\/portfolio\\\/pieve-aldina-chambre-deluxe\\\/#primaryimage\",\"url\":\"https:\\\/\\\/www.pieve-aldina.fontenille-collection.com\\\/wp-content\\\/uploads\\\/2025\\\/07\\\/terrasse-jardins-nature-chambre-deluxe-hotel-pieve-aldina.jpg\",\"contentUrl\":\"https:\\\/\\\/www.pieve-aldina.fontenille-collection.com\\\/wp-content\\\/uploads\\\/2025\\\/07\\\/terrasse-jardins-nature-chambre-deluxe-hotel-pieve-aldina.jpg\",\"width\":1080,\"height\":1080,\"caption\":\"Ext\u00e9rieur de la chambre deluxe\"},{\"@type\":\"BreadcrumbList\",\"@id\":\"https:\\\/\\\/www.pieve-aldina.fontenille-collection.com\\\/portfolio\\\/pieve-aldina-chambre-deluxe\\\/#breadcrumb\",\"itemListElement\":[{\"@type\":\"ListItem\",\"position\":1,\"name\":\"Accueil\",\"item\":\"https:\\\/\\\/www.pieve-aldina.fontenille-collection.com\\\/\"},{\"@type\":\"ListItem\",\"position\":2,\"name\":\"Deluxe\"}]},{\"@type\":\"WebSite\",\"@id\":\"https:\\\/\\\/www.pieve-aldina.fontenille-collection.com\\\/#website\",\"url\":\"https:\\\/\\\/www.pieve-aldina.fontenille-collection.com\\\/\",\"name\":\"Pieve Aldina\",\"description\":\"Pieve Aldina, ancienne r\u00e9sidence des \u00e9v\u00eaques de Sienne : h\u00f4tel de charme en Toscane avec restaurant, spa et jardins au c\u0153ur du Chianti.\",\"publisher\":{\"@id\":\"https:\\\/\\\/www.pieve-aldina.fontenille-collection.com\\\/#organization\"},\"potentialAction\":[{\"@type\":\"SearchAction\",\"target\":{\"@type\":\"EntryPoint\",\"urlTemplate\":\"https:\\\/\\\/www.pieve-aldina.fontenille-collection.com\\\/?s={search_term_string}\"},\"query-input\":{\"@type\":\"PropertyValueSpecification\",\"valueRequired\":true,\"valueName\":\"search_term_string\"}}],\"inLanguage\":\"it-IT\"},{\"@type\":\"Organization\",\"@id\":\"https:\\\/\\\/www.pieve-aldina.fontenille-collection.com\\\/#organization\",\"name\":\"Pieve Aldina\",\"url\":\"https:\\\/\\\/www.pieve-aldina.fontenille-collection.com\\\/\",\"logo\":{\"@type\":\"ImageObject\",\"inLanguage\":\"it-IT\",\"@id\":\"https:\\\/\\\/www.pieve-aldina.fontenille-collection.com\\\/#\\\/schema\\\/logo\\\/image\\\/\",\"url\":\"https:\\\/\\\/www.pieve-aldina.fontenille-collection.com\\\/wp-content\\\/uploads\\\/2024\\\/11\\\/Pieve-Aldina-Noir.png\",\"contentUrl\":\"https:\\\/\\\/www.pieve-aldina.fontenille-collection.com\\\/wp-content\\\/uploads\\\/2024\\\/11\\\/Pieve-Aldina-Noir.png\",\"width\":641,\"height\":72,\"caption\":\"Pieve Aldina\"},\"image\":{\"@id\":\"https:\\\/\\\/www.pieve-aldina.fontenille-collection.com\\\/#\\\/schema\\\/logo\\\/image\\\/\"}}]}<\/script>\n<!-- \/ Yoast SEO plugin. -->","yoast_head_json":{"title":"Deluxe | Pieve Aldina | Toscana Chianti","description":"Spaziosa ed elegante, la Deluxe offre una vista sulla chiesa, sul cortile o sulla valle. Il fascino toscano circondato da vigneti.","robots":{"index":"index","follow":"follow","max-snippet":"max-snippet:-1","max-image-preview":"max-image-preview:large","max-video-preview":"max-video-preview:-1"},"canonical":"https:\/\/www.pieve-aldina.fontenille-collection.com\/it\/portafoglio\/camera-deluxe-pieve-aldina\/","og_locale":"it_IT","og_type":"article","og_title":"Deluxe | Pieve Aldina | Toscane Chianti","og_description":"Spacieuse et \u00e9l\u00e9gante, la Deluxe offre une vue sur l\u2019\u00e9glise, la cour ou la vall\u00e9e. Le charme toscan entour\u00e9 de vignes.","og_url":"https:\/\/www.pieve-aldina.fontenille-collection.com\/it\/portafoglio\/camera-deluxe-pieve-aldina\/","og_site_name":"Pieve Aldina | H\u00f4tel, Restaurant, Spa &amp; Jardins en Toscane","article_modified_time":"2026-04-22T10:50:58+00:00","og_image":[{"width":1080,"height":1080,"url":"https:\/\/www.pieve-aldina.fontenille-collection.com\/wp-content\/uploads\/2025\/07\/terrasse-jardins-nature-chambre-deluxe-hotel-pieve-aldina.jpg","type":"image\/jpeg"}],"twitter_card":"summary_large_image","twitter_misc":{"Tempo di lettura stimato":"7 minuti"},"schema":{"@context":"https:\/\/schema.org","@graph":[{"@type":"WebPage","@id":"https:\/\/www.pieve-aldina.fontenille-collection.com\/portfolio\/pieve-aldina-chambre-deluxe\/","url":"https:\/\/www.pieve-aldina.fontenille-collection.com\/portfolio\/pieve-aldina-chambre-deluxe\/","name":"Deluxe | Pieve Aldina | Toscana Chianti","isPartOf":{"@id":"https:\/\/www.pieve-aldina.fontenille-collection.com\/#website"},"primaryImageOfPage":{"@id":"https:\/\/www.pieve-aldina.fontenille-collection.com\/portfolio\/pieve-aldina-chambre-deluxe\/#primaryimage"},"image":{"@id":"https:\/\/www.pieve-aldina.fontenille-collection.com\/portfolio\/pieve-aldina-chambre-deluxe\/#primaryimage"},"thumbnailUrl":"https:\/\/www.pieve-aldina.fontenille-collection.com\/wp-content\/uploads\/2025\/07\/terrasse-jardins-nature-chambre-deluxe-hotel-pieve-aldina.jpg","datePublished":"2025-07-18T14:24:39+00:00","dateModified":"2026-04-22T10:50:58+00:00","description":"Spaziosa ed elegante, la Deluxe offre una vista sulla chiesa, sul cortile o sulla valle. Il fascino toscano circondato da vigneti.","breadcrumb":{"@id":"https:\/\/www.pieve-aldina.fontenille-collection.com\/portfolio\/pieve-aldina-chambre-deluxe\/#breadcrumb"},"inLanguage":"it-IT","potentialAction":[{"@type":"ReadAction","target":["https:\/\/www.pieve-aldina.fontenille-collection.com\/portfolio\/pieve-aldina-chambre-deluxe\/"]}]},{"@type":"ImageObject","inLanguage":"it-IT","@id":"https:\/\/www.pieve-aldina.fontenille-collection.com\/portfolio\/pieve-aldina-chambre-deluxe\/#primaryimage","url":"https:\/\/www.pieve-aldina.fontenille-collection.com\/wp-content\/uploads\/2025\/07\/terrasse-jardins-nature-chambre-deluxe-hotel-pieve-aldina.jpg","contentUrl":"https:\/\/www.pieve-aldina.fontenille-collection.com\/wp-content\/uploads\/2025\/07\/terrasse-jardins-nature-chambre-deluxe-hotel-pieve-aldina.jpg","width":1080,"height":1080,"caption":"Ext\u00e9rieur de la chambre deluxe"},{"@type":"BreadcrumbList","@id":"https:\/\/www.pieve-aldina.fontenille-collection.com\/portfolio\/pieve-aldina-chambre-deluxe\/#breadcrumb","itemListElement":[{"@type":"ListItem","position":1,"name":"Accueil","item":"https:\/\/www.pieve-aldina.fontenille-collection.com\/"},{"@type":"ListItem","position":2,"name":"Deluxe"}]},{"@type":"WebSite","@id":"https:\/\/www.pieve-aldina.fontenille-collection.com\/#website","url":"https:\/\/www.pieve-aldina.fontenille-collection.com\/","name":"Pieve Aldina","description":"Pieve Aldina, antica residenza dei vescovi di Siena: hotel di charme in Toscana con ristorante, spa e giardini nel cuore del Chianti.","publisher":{"@id":"https:\/\/www.pieve-aldina.fontenille-collection.com\/#organization"},"potentialAction":[{"@type":"SearchAction","target":{"@type":"EntryPoint","urlTemplate":"https:\/\/www.pieve-aldina.fontenille-collection.com\/?s={search_term_string}"},"query-input":{"@type":"PropertyValueSpecification","valueRequired":true,"valueName":"search_term_string"}}],"inLanguage":"it-IT"},{"@type":"Organization","@id":"https:\/\/www.pieve-aldina.fontenille-collection.com\/#organization","name":"Pieve Aldina","url":"https:\/\/www.pieve-aldina.fontenille-collection.com\/","logo":{"@type":"ImageObject","inLanguage":"it-IT","@id":"https:\/\/www.pieve-aldina.fontenille-collection.com\/#\/schema\/logo\/image\/","url":"https:\/\/www.pieve-aldina.fontenille-collection.com\/wp-content\/uploads\/2024\/11\/Pieve-Aldina-Noir.png","contentUrl":"https:\/\/www.pieve-aldina.fontenille-collection.com\/wp-content\/uploads\/2024\/11\/Pieve-Aldina-Noir.png","width":641,"height":72,"caption":"Pieve Aldina"},"image":{"@id":"https:\/\/www.pieve-aldina.fontenille-collection.com\/#\/schema\/logo\/image\/"}}]}},"_links":{"self":[{"href":"https:\/\/www.pieve-aldina.fontenille-collection.com\/it\/wp-json\/wp\/v2\/arts_portfolio_item\/26596","targetHints":{"allow":["GET"]}}],"collection":[{"href":"https:\/\/www.pieve-aldina.fontenille-collection.com\/it\/wp-json\/wp\/v2\/arts_portfolio_item"}],"about":[{"href":"https:\/\/www.pieve-aldina.fontenille-collection.com\/it\/wp-json\/wp\/v2\/types\/arts_portfolio_item"}],"version-history":[{"count":40,"href":"https:\/\/www.pieve-aldina.fontenille-collection.com\/it\/wp-json\/wp\/v2\/arts_portfolio_item\/26596\/revisions"}],"predecessor-version":[{"id":29905,"href":"https:\/\/www.pieve-aldina.fontenille-collection.com\/it\/wp-json\/wp\/v2\/arts_portfolio_item\/26596\/revisions\/29905"}],"wp:featuredmedia":[{"embeddable":true,"href":"https:\/\/www.pieve-aldina.fontenille-collection.com\/it\/wp-json\/wp\/v2\/media\/27165"}],"wp:attachment":[{"href":"https:\/\/www.pieve-aldina.fontenille-collection.com\/it\/wp-json\/wp\/v2\/media?parent=26596"}],"curies":[{"name":"wp","href":"https:\/\/api.w.org\/{rel}","templated":true}]}}

<!-- This site is optimized with the Yoast SEO plugin v27.5 - https://yoast.com/product/yoast-seo-wordpress/ -->
<title>Deluxe | Pieve Aldina | Toscane Chianti</title>
<meta name="description" content="Spacieuse et élégante, la Deluxe offre une vue sur l’église, la cour ou la vallée. Le charme toscan entouré de vignes." />
<meta name="robots" content="index, follow, max-snippet:-1, max-image-preview:large, max-video-preview:-1" />
<link rel="canonical" href="https://www.pieve-aldina.fontenille-collection.com/it/portafoglio/camera-deluxe-pieve-aldina/" />
<meta property="og:locale" content="it_IT" />
<meta property="og:type" content="article" />
<meta property="og:title" content="Deluxe | Pieve Aldina | Toscane Chianti" />
<meta property="og:description" content="Spacieuse et élégante, la Deluxe offre une vue sur l’église, la cour ou la vallée. Le charme toscan entouré de vignes." />
<meta property="og:url" content="https://www.pieve-aldina.fontenille-collection.com/it/portafoglio/camera-deluxe-pieve-aldina/" />
<meta property="og:site_name" content="Pieve Aldina | Hôtel, Restaurant, Spa &amp; Jardins en Toscane" />
<meta property="article:modified_time" content="2026-04-22T10:50:58+00:00" />
<meta property="og:image" content="https://www.pieve-aldina.fontenille-collection.com/wp-content/uploads/2025/07/terrasse-jardins-nature-chambre-deluxe-hotel-pieve-aldina.jpg" />
	<meta property="og:image:width" content="1080" />
	<meta property="og:image:height" content="1080" />
	<meta property="og:image:type" content="image/jpeg" />
<meta name="twitter:card" content="summary_large_image" />
<meta name="twitter:label1" content="Tempo di lettura stimato" />
	<meta name="twitter:data1" content="7 minuti" />
<script type="application/ld+json" class="yoast-schema-graph">{"@context":"https:\/\/schema.org","@graph":[{"@type":"WebPage","@id":"https:\/\/www.pieve-aldina.fontenille-collection.com\/portfolio\/pieve-aldina-chambre-deluxe\/","url":"https:\/\/www.pieve-aldina.fontenille-collection.com\/portfolio\/pieve-aldina-chambre-deluxe\/","name":"Deluxe | Pieve Aldina | Toscane Chianti","isPartOf":{"@id":"https:\/\/www.pieve-aldina.fontenille-collection.com\/#website"},"primaryImageOfPage":{"@id":"https:\/\/www.pieve-aldina.fontenille-collection.com\/portfolio\/pieve-aldina-chambre-deluxe\/#primaryimage"},"image":{"@id":"https:\/\/www.pieve-aldina.fontenille-collection.com\/portfolio\/pieve-aldina-chambre-deluxe\/#primaryimage"},"thumbnailUrl":"https:\/\/www.pieve-aldina.fontenille-collection.com\/wp-content\/uploads\/2025\/07\/terrasse-jardins-nature-chambre-deluxe-hotel-pieve-aldina.jpg","datePublished":"2025-07-18T14:24:39+00:00","dateModified":"2026-04-22T10:50:58+00:00","description":"Spacieuse et élégante, la Deluxe offre une vue sur l’église, la cour ou la vallée. Le charme toscan entouré de vignes.","breadcrumb":{"@id":"https:\/\/www.pieve-aldina.fontenille-collection.com\/portfolio\/pieve-aldina-chambre-deluxe\/#breadcrumb"},"inLanguage":"it-IT","potentialAction":[{"@type":"ReadAction","target":["https:\/\/www.pieve-aldina.fontenille-collection.com\/portfolio\/pieve-aldina-chambre-deluxe\/"]}]},{"@type":"ImageObject","inLanguage":"it-IT","@id":"https:\/\/www.pieve-aldina.fontenille-collection.com\/portfolio\/pieve-aldina-chambre-deluxe\/#primaryimage","url":"https:\/\/www.pieve-aldina.fontenille-collection.com\/wp-content\/uploads\/2025\/07\/terrasse-jardins-nature-chambre-deluxe-hotel-pieve-aldina.jpg","contentUrl":"https:\/\/www.pieve-aldina.fontenille-collection.com\/wp-content\/uploads\/2025\/07\/terrasse-jardins-nature-chambre-deluxe-hotel-pieve-aldina.jpg","width":1080,"height":1080,"caption":"Extérieur de la chambre deluxe"},{"@type":"BreadcrumbList","@id":"https:\/\/www.pieve-aldina.fontenille-collection.com\/portfolio\/pieve-aldina-chambre-deluxe\/#breadcrumb","itemListElement":[{"@type":"ListItem","position":1,"name":"Accueil","item":"https:\/\/www.pieve-aldina.fontenille-collection.com\/"},{"@type":"ListItem","position":2,"name":"Deluxe"}]},{"@type":"WebSite","@id":"https:\/\/www.pieve-aldina.fontenille-collection.com\/#website","url":"https:\/\/www.pieve-aldina.fontenille-collection.com\/","name":"Pieve Aldina","description":"Pieve Aldina, ancienne résidence des évêques de Sienne : hôtel de charme en Toscane avec restaurant, spa et jardins au cœur du Chianti.","publisher":{"@id":"https:\/\/www.pieve-aldina.fontenille-collection.com\/#organization"},"potentialAction":[{"@type":"SearchAction","target":{"@type":"EntryPoint","urlTemplate":"https:\/\/www.pieve-aldina.fontenille-collection.com\/?s={search_term_string}"},"query-input":{"@type":"PropertyValueSpecification","valueRequired":true,"valueName":"search_term_string"}}],"inLanguage":"it-IT"},{"@type":"Organization","@id":"https:\/\/www.pieve-aldina.fontenille-collection.com\/#organization","name":"Pieve Aldina","url":"https:\/\/www.pieve-aldina.fontenille-collection.com\/","logo":{"@type":"ImageObject","inLanguage":"it-IT","@id":"https:\/\/www.pieve-aldina.fontenille-collection.com\/#\/schema\/logo\/image\/","url":"https:\/\/www.pieve-aldina.fontenille-collection.com\/wp-content\/uploads\/2024\/11\/Pieve-Aldina-Noir.png","contentUrl":"https:\/\/www.pieve-aldina.fontenille-collection.com\/wp-content\/uploads\/2024\/11\/Pieve-Aldina-Noir.png","width":641,"height":72,"caption":"Pieve Aldina"},"image":{"@id":"https:\/\/www.pieve-aldina.fontenille-collection.com\/#\/schema\/logo\/image\/"}}]}</script>
<!-- / Yoast SEO plugin. -->

Spacieuse et élégante, la Deluxe offre une vue sur l’église, la cour ou la vallée. Le charme toscan entouré de vignes.

Pieve Aldina | Hôtel, Restaurant, Spa &amp; Jardins en Toscane

Extérieur de la chambre deluxe
